culate -2 + (4 + -8 - (1 + -3)).
-4
Evaluate 0 + -3 + -2 + 10 + -13.
-8
Evaluate (-1 - 2) + -1 + (1 - 0).
-3
Evaluate -4 + 4 - 4 - -5.
1
(0 - 20) + 11 + 9
0
Calculate 1 + (4 - 1) + -51 + 51.
4
3 + -14 + 6 + 11 - 0
6
Evaluate 2 + 0 + -8 + 1 + 0.
-5
Evaluate 2 - (1 + 0 + 1 + -4).
4
0 - (1 + 6) - -6
-1
What is -8 - (-3 - (-3 + 5 + -2))?
-5
Evaluate (-1 + 4 - 8) + 4.
-1
Calculate -10 - ((-12 - -9) + -6).
-1
What is 2 - (-1 + 2) - (4 - 2)?
-1
Evaluate (-9 - 1 - (9 + -14)) + 2.
-3
Calculate 6 - 4 - 4 - (2 - -4).
-8
Evaluate -2 + (3 - (3 + -7)) + -4.
1
Evaluate (17 - 11 - 18) + 13.
1
Evaluate 1 - (0 + (-4 + 3 - -3)).
-1
What is (-5 - -3 - 0) + 5 - 5?
-2
What is the value of -1 + (0 - 0) - (-23 - -22)?
0
What is (2 - (5 + 2)) + 10?
5
Calculate 2 + (-1 - 5) + 6.
2
Calculate 0 + 2 + (-9 - (3 - 13)).
3
What is -3 + 1 + -2 + -1?
-5
-6 - (5 - 6) - -3
-2
-2 + 1 - (1 + -1)
-1
What is the value of 4 - (0 + 2 + 0)?
2
0 + (0 - 6 - -2) - -6
2
Evaluate (4 - 3) + (3 - 3).
1
Calculate 7 + -1 + -2 + -4 + 1.
1
3 - (-3 + 11 + -1)
-4
What is the value of -9 - (-11 + -3 - -4)?
1
What is 8 - (9 + 15 + -9 + -7)?
0
-5 + 7 + (3 + -1 - 1)
3
What is the value of 0 + -2 - (14 - 11)?
-5
Evaluate (-4 - -3 - -3) + 2 + -2.
2
What is the value of -1 - (-5 + 2) - 1?
1
(-72 - -66) + 3 + -2 + -2
-7
Calculate 2 + (-1 - (1 - (-7 - -2))).
-5
Evaluate -13 + 8 - (-2 + -4).
1
(3 + -3 - -2) + -2
0
Calculate -10 + ((4 - 7) + 6 - -1).
-6
Calculate 16 + -13 + -3 + 0 + -1.
-1
132 + -126 + (-13 - 2)
-9
What is the value of 7 - (7 + 5) - (-7 - 0)?
2
Evaluate -1 + -4 + (0 - -1).
-4
Calculate -1 + -2 + (-2 - -1) + 0.
-4
1 + 0 + 2 + -1 + 2
4
Evaluate (11 + 2 - (5 - -1)) + -13.
-6
Calculate -5 - (1 + -9 + 3).
0
What is the value of (14 - 24) + 1 + 4?
-5
2 + 2 + -6 + (3 - 6)
-5
Evaluate -1 - (-7 + 7 + -8).
7
What is the value of (-9 - -3) + (13 - (-2 + 3))?
6
What is -2 + (-4 - -3) + 10 + -11?
-4
Calculate -2 + (-1 + 6 - 5) + 4.
2
-3 + 0 + 2 - (2 - -2)
-5
What is -1 - (-2 - 5) - 5?
1
Calculate -8 + (0 - 1) + (11 - 7).
-5
Calculate -27 - -25 - (-2 + 3).
-3
What is 5 - (6 - (-5 + 8))?
2
(18 - 16) + -3 + -1
-2
(-2 - -1) + (-7 - -5) + -2
-5
(6 - 1 - 8) + (3 - -1)
1
4 + (-4 - -4) + -6 - -1
-1
4 + 5 + -4 - 3 - -1
3
4 + (5 - 3 - 3) + -4
-1
Calculate 3 - (-6 + 10 + -6).
5
1 - (-3 + -2 - (-28 + 20))
-2
What is 43 + -43 + (2 - -1)?
3
-9 + 5 + (-1 - -11) + -5
1
2 - -9 - (4 - (2 - 3))
6
(-4 - -6) + -2 + 5 + 0
5
What is 2 + 6 - (4 - (-2 - -9))?
11
What is the value of -1 + (2 - -1) + (-10 - -6)?
-2
Calculate 5 + 1 - ((1 - 4) + 14).
-5
What is the value of -2 - -1 - 2 - -1?
-2
Calculate 2 + (-12 - -2) - (64 - 68).
-4
Evaluate 1 + -5 + -1 - -11.
6
What is -2 + 3 - (-6 - -5)?
2
Evaluate (-2 - 7) + 5 + 0.
-4
Calculate -2 + 5 + -5 + (-3 - -4).
-1
What is (1 - 0 - 3) + 64 + -66?
-4
Evaluate -1 - (4 + (-4 - -4)) - -5.
0
-6 - -12 - (0 + 13)
-7
1 - (-1 + 3 + 2)
-3
Evaluate (0 - 0 - (-3 + 1)) + 2.
4
What is the value of (-1 - (-6 + 3)) + (15 - 20)?
-3
-6 - (-2 + -3) - -1
0
Evaluate -6 - (0 - (6 + -3)).
-3
Calculate (6 - 11) + (3 - 8) + 8.
-2
What is -10 + 5 - (3 + -13)?
5
-11 + 9 + (-5 + -2 - -3)
-6
1 + (-4 - (-4 + 3)) + 7
5
-1 + (5 - (-2 + 2)) + -6
-2
Evaluate (0 + 8 - (-2 - -4)) + -2.
4
What is -2 + (10 - ((0 - -5) + 0))?
3
What is -1 + 3 - (8 - 1)?
-5
What is the value of -4 - (19 - 13) - -4?
-6
5 + -14 - (-14 + 2)
3
What is the value of 5 + -9 - (5 + -3) - -6?
0
Calculate -30 + 20 - (-8 - 0).
-2
What is the value of 2 + -4 + (7 - 6)?
-1
-15 - (11 + -10) - -11
-5
What is 1 - (4 - (2 + 1))?
0
Evaluate 5 + -10 - (-1 + -4).
0
Calculate 0 + 6 + (-1 - 0) + -2.
3
What is the value of (-4 - 0) + (16 - 5) + -8?
-1
What is (-1 - (-9 + -1)) + -11 + 8?
6
5 - ((-11 - -9) + (3 - -3))
1
What is the value of -16 + 16 + -9 - -2?
-7
Calculate -39 - -31 - (2 + -17).
7
Evaluate (1 - 2) + (8 + 3 - 12).
-2
What is -4 - ((4 - -2) + -3 + -9)?
2
What is (1 - -1) + -9 + 10 + -9?
-6
Evaluate 0 + (5 - (-3 + 24) - -6).
-10
What is the value of -4 + 7 + -2 + -1 + -2?
-2
8 + (2 - 0) + -20
-10
Evaluate 0 - ((-5 - -8) + 3).
-6
Calculate 5 + (-7 - -10) + 0.
8
Calculate 4 - 11 - 4 - -15.
4
-14 - -10 - ((-3 - -1) + -9)
7
(13 - (1 - -4)) + -1
7
7 + (9 + -8 + 4 - 7)
5
What is (-3 + 2 - -10) + (-6 - -2)?
5
Calculate 9 + 3 + -4 - (5 - 1).
4
Calculate 2 + 2 - (-6 - (-6 + 0)).
4
Calculate 0 - 6 - (24 - 29).
-1
(-1 - 3 - -2) + 2 + -3
-3
Evaluate -3 + (-1 - (-10 - -5)) + 0.
1
What is the value of 2 - ((0 - 5) + 4) - 0?
3
What is (3 + -5 - -2) + -3 - -5?
2
What is the value of (2 - (1 + -5)) + 4 - 5?
5
What is 0 - (9 + -12 + (2 - 0))?
1
Calculate 1 + (4 - (19 - 8)).
-6
What is (-4 - (-3 + -2 + 5)) + 0?
-4
Calculate -13 + 11 - (-5 - -1).
2
What is the value of 7 + (3 - -2 - 19)?
-7
What is the value of -6 + (-5 - (-12 + 1))?
0
What is (5 - 5 - -1) + (-1 - -2)?
2
What is the value of 5 - 8 - (-6 - 1)?
4
Evaluate 1 + -4 - (1 + -4 + -1).
1
What is -18 + 1 + (48 - 39)?
-8
-5 - (-31 - -16) - (6 - 1)
5
What is the value of 46 + -42 - (-3 - -5 - -4)?
-2
What is the value of -1 - (-4 + 1) - (13 + -9)?
-2
Calculate 11 + (-15 - -12) + -10.
-2
What is the value of 8 + -9 - (4 + -1)?
-4
What is 9 + 1 - (3 + -2 + 4)?
5
What is the value of -6 - ((-10 - -8) + -5)?
1
What is (-7 - (-11 + 6)) + 6?
4
-5 + -4 - -3 - -3
-3
What is the value of 4 - -3 - (-7 + 18)?
-4
Evaluate -2 - -9 - (12 - 2) - 4.
-7
Calculate -4 + (2 - (5 - -1)).
-8
What is the value of 2 + 0 + 2 + 0?
4
What is the value of -2 - 4 - (-6 - 5)?
5
Calculate (2 - 5) + -2 - -2.
-3
Calculate (-8 - -15) + 0 + -5.
2
What is -10 + (-5 - -3 - -12)?
0
0 + 2 - (7 - 1)
-4
Evaluate 3 - 1 - 3 - -1 - -5.
5
Calculate 6 - (-5 + -1 - (-20 + 13)).
5
-14 - ((-14 - -25) + -18)
-7
Evaluate (1 - (1 - -2)) + (4 - 5).
-3
Evaluate -6 + (-9 - -11 - -4).
0
Calculate (17 + -26 - (-3 + -1)) + -1.
-6
Evaluate (-10 - -4) + 3 + 1 + 7.
5
What is (-30 - -27) + 5 + 0 + 2?
4
Calculate (-2 - 4) + -3 - -9.
0
What is the value of 3 - (-2 + (7 - (-5 + -3)))?
-10
What is 2 - (9 + 2 + -5)?
-4
(0 - 3) + 2 + -3 + 4
0
Evaluate 1 - (4 + (0 - 3 - -2)).
-2
What is -4 + (-2 + 2 - 1)?
-5
Calculate -4 + 8 - -8 - 22.
-10
-6 + (14 + -6 - 8)
-6
What is (-42 - -41 - (1 - 12)) + -3?
7
Calculate -1 + -6 - (10 + -14).
-3
Evaluate 0 - (4 - 3 - -1 - -3).
-5
Calculate 0 + -2 - (0 - (-2 - -2)).
-2
Evaluate 6 - 6 - 2 - (-1 - 5).
4
Calculate 6 - (-4 + -13 - -15).
8
5 - (-7 + 4 - (2 - 4))
6
Evaluate -3 + (5 - 3) + (3 - 5).
-3
-4 + (-2 - 4 - -5)
-5
Calculate 2 + 2 - 4 - -2.
2
Evaluate -4 - ((0 - (12 + -5)) + 6).
-3
What is -15 + (-2 - -19) + -11?
-9
Evaluate -5 + (-1 - -6 - -10) + -4.
6
Evaluate 1 + 0 + 2 + 6 + -6.
3
3 + -4 + 2 + 1 + 3
5
5 + -13 - ((3 - 3) + -3)
-5
What is the value of (2 - (-6 - -14)) + 2?
-4
What is the value of -3 + 1 - 3 - (-4 + 2)?
-3
Calculate 0 + 4 + 0 - 9.
-5
What is (-6 - -5) + -6 + 6?
-1
Calculate -7 + 8 + 13 + -3.
11
1 + -5 + (-1 - (-4 + 3))
-4
Evaluate (-1 - 0) + (15 - (-23 - -41)).
-4
-1 + 2 + -2 - -6
5
Evaluate (-7 - 0) + (-18 - -31).
6
Evaluate -11 + (-3 - -8) + 5.
-1
(-5 - -4) + (-1 - -3)
1
-4 - (-2 + (6 - 6) - 0)
-2
What is (9 - 12) + (0 - -9)?
6
What is the value of -11 + 1 - (1 - 6)?
-5
-5 + 0 - (-18 + 13)
0
Calculate 1 + -1 - ((0 - -2) + -5).
3
What is the value of 0 + 3 + (-1 + -2 - -3)?
3
Calculate 1 - (-2 - (-2 + -2 + 2)).
1
(3 - 2) + (10 - 18) + -2
-9
Calculate (1 + 1 - 8) + -2 + 3.
-5
-1 - ((2 - (0 - -4)) + 1)
0
What is the value of 6 - (-8 - -5 - -11)?
-2
(2 - 3) + (1 - -3)
3
(-3 + 3 - -1) + 5 + -3
3
What is 2 - 4 - -5 - 1?
2
What is the value of (-1 - 2) + -1 + 6 - 5?
-3
What is the value of -1 + -7 + 1 - (2 + -4)?
-5
Evaluate 2 + -3 + -5 - -3 - -8.
5
What is 1 + 0 - 2 - 3?
-4
34 + -27 + -7 + -1 + 3
2
-3 - (-7 + (1 - -6))
-3
What is -1 + (-2 - 0 - 2)?
-5
What is 1 + (0 - 0) + -3 + 6?
4
What is the value of -4 - (-5 + 1 + -2)?
2
-7 + 7 + 7 + -3
4
What is the value of -6 + (-1 - -7) + 3?
3
Evaluate -5 - (5 + -2 + -1 - 12).
5
Calculate 5 + 5 + (-10 - -1).
1
-1 + (-1 - -10) + (-1 - 2)
5
Evaluate (0 - -5 - -3) + -4.
4
What is -3 + ((-1 - -4) + -3 - 0)?
-3
Evaluate 2 + (4 - (6 - 2)) + 1.
3
What is the value of 3 - (-9 - -13 - (1 - -1))?
1
Calculate -2 + 8 + (-4 - (3 - -5)).
-6
Evaluate 6 + (-7 - -14) + -9 + 2.
6
What is -3 + 3 + -2 - (2 + -8)?
4
Evaluate 10 + -3 - 13 - (0 - -1).
-7
Evaluate -8 + 2 + -3 - -6.
-3
What is the value of -4 + 3 -